ulate the greatest common divisor of 101975694 and 4132.
2066
What is the highest common divisor of 16660980 and 1960?
980
Calculate the greatest common factor of 43831610 and 170.
170
What is the highest common factor of 873 and 829?
1
What is the greatest common factor of 58514404 and 1448?
724
Calculate the greatest common factor of 805836 and 28.
4
Calculate the greatest common factor of 128 and 524296096.
32
Calculate the greatest common factor of 21816 and 159176.
808
Calculate the highest common factor of 27936 and 56988.
36
What is the greatest common factor of 514 and 15643847?
257
What is the greatest common divisor of 47916 and 588024?
36
Calculate the highest common factor of 630644 and 6877696.
2828
What is the greatest common divisor of 194236 and 211083?
991
Calculate the greatest common factor of 10629 and 195309.
9
Calculate the greatest common divisor of 2417 and 27157412.
2417
What is the greatest common divisor of 48 and 20096080?
16
What is the greatest common divisor of 19025 and 4912255?
3805
Calculate the greatest common divisor of 1226975500 and 250.
250
Calculate the greatest common divisor of 614403725 and 650.
325
Calculate the greatest common divisor of 40222 and 132566.
238
What is the highest common factor of 2588 and 50572108?
2588
What is the highest common divisor of 1257360 and 19120?
80
What is the greatest common divisor of 81664 and 34201904?
5104
Calculate the highest common factor of 260 and 65170508.
52
Calculate the greatest common divisor of 119908959 and 3174.
1587
What is the highest common divisor of 131095 and 160925?
785
Calculate the greatest common factor of 2349 and 45475857.
783
Calculate the greatest common factor of 9318951 and 856.
107
Calculate the greatest common divisor of 2675651 and 95449.
3079
Calculate the greatest common factor of 54302889 and 14937.
1149
Calculate the highest common divisor of 72615 and 124315.
235
What is the greatest common divisor of 207 and 26039910?
69
Calculate the highest common factor of 19823941 and 59.
59
Calculate the greatest common factor of 948 and 297301964.
316
Calculate the highest common factor of 311461146 and 7074.
7074
What is the highest common factor of 89356 and 173728?
356
Calculate the highest common divisor of 1967016 and 26568.
984
What is the greatest common factor of 505624 and 23814?
14
Calculate the greatest common divisor of 5280 and 1777776.
528
What is the highest common divisor of 74 and 980786?
2
Calculate the greatest common divisor of 296023065 and 325.
65
Calculate the highest common divisor of 54683562 and 24.
6
What is the highest common divisor of 532764 and 10?
2
What is the greatest common factor of 36127952 and 140?
28
What is the highest common divisor of 10038 and 93246?
6
Calculate the highest common divisor of 1257456 and 16951.
1541
Calculate the greatest common factor of 6295 and 85265.
5
What is the highest common divisor of 22877512 and 112?
56
What is the highest common divisor of 44 and 42188509?
11
What is the greatest common factor of 4635 and 9633075?
1545
What is the greatest common factor of 140864 and 1984?
1984
What is the greatest common factor of 263340 and 336699?
1881
What is the highest common divisor of 11698082 and 462?
22
What is the greatest common divisor of 54899 and 28531?
103
Calculate the greatest common factor of 72 and 454942776.
24
Calculate the highest common divisor of 1340 and 42710155.
335
What is the highest common divisor of 415512 and 25056?
2088
What is the greatest common divisor of 98 and 50932021?
49
What is the highest common divisor of 62639748 and 6?
6
What is the greatest common divisor of 364 and 16443602?
14
Calculate the greatest common divisor of 3170366 and 24518.
1886
Calculate the highest common divisor of 1736 and 273392.
56
What is the greatest common factor of 98380 and 1390?
10
Calculate the greatest common divisor of 1647202524 and 132.
132
What is the greatest common divisor of 2962157 and 6479?
209
Calculate the highest common factor of 99085 and 188545.
35
What is the highest common divisor of 13872800 and 12640?
160
Calculate the greatest common divisor of 3580 and 4082990.
1790
Calculate the greatest common factor of 31816156 and 804.
268
What is the greatest common divisor of 294 and 88025?
7
What is the greatest common divisor of 1762813 and 364?
13
Calculate the highest common divisor of 675974795 and 5.
5
What is the highest common factor of 120 and 70126275?
15
Calculate the highest common divisor of 1357102 and 118618.
934
What is the highest common factor of 1280 and 5296340?
20
What is the greatest common factor of 9528819 and 51?
3
What is the greatest common factor of 4796 and 526724?
44
What is the greatest common factor of 32227533 and 1170?
117
What is the highest common factor of 310 and 354256685?
155
Calculate the highest common factor of 199643 and 193025.
1103
What is the highest common factor of 3018 and 395691992?
1006
Calculate the highest common factor of 559613 and 1363.
29
Calculate the greatest common divisor of 236 and 14503026.
118
What is the greatest common divisor of 112091077 and 490?
49
What is the greatest common divisor of 14824489 and 6533?
139
Calculate the greatest common divisor of 12400 and 754640.
80
What is the greatest common divisor of 12282018 and 1596?
798
Calculate the greatest common divisor of 38539392 and 2144.
32
What is the highest common factor of 35856 and 350509?
83
Calculate the greatest common divisor of 18 and 99915786.
18
Calculate the highest common factor of 231 and 828059673.
21
What is the highest common divisor of 9683079 and 126?
21
What is the greatest common factor of 101652 and 5268?
12
Calculate the greatest common factor of 11819946 and 222.
222
Calculate the greatest common divisor of 19228 and 2105048.
836
Calculate the highest common factor of 462647058 and 1098.
366
What is the highest common divisor of 4302814 and 2?
2
What is the greatest common divisor of 12325 and 15419?
17
Calculate the highest common factor of 8393 and 799624.
763
Calculate the highest common factor of 598970498 and 2786.
2786
What is the highest common factor of 17889 and 132521?
89
Calculate the highest common factor of 198629 and 315736.
647
What is the highest common divisor of 573 and 230341989?
573
Calculate the highest common divisor of 1052352 and 391616.
1856
Calculate the highest common divisor of 130 and 5613946.
26
Calculate the greatest common divisor of 409 and 4974.
1
Calculate the greatest common factor of 17476 and 3462968.
68
What is the greatest common divisor of 2786 and 552174056?
2786
Calculate the highest common factor of 5120 and 102557696.
1024
Calculate the highest common divisor of 1772 and 1060444540.
1772
What is the highest common factor of 238 and 13456639?
119
Calculate the highest common factor of 19707888 and 7552.
944
What is the greatest common factor of 46916629 and 37?
37
Calculate the greatest common factor of 150 and 72134175.
75
Calculate the greatest common divisor of 82019105 and 3335.
145
What is the highest common divisor of 13067451 and 45?
9
Calculate the highest common factor of 1853786 and 704.
22
What is the highest common factor of 8703 and 59022?
9
What is the highest common divisor of 4986 and 4068853?
277
What is the highest common divisor of 861064 and 296?
296
Calculate the greatest common divisor of 67 and 966653.
1
Calculate the highest common divisor of 19857835 and 35.
5
What is the highest common factor of 175 and 1806686?
7
Calculate the greatest common factor of 384905 and 67505.
115
What is the highest common divisor of 6 and 56106642?
6
Calculate the highest common divisor of 7120611 and 133.
19
What is the highest common divisor of 427 and 113519?
7
What is the greatest common factor of 207750622 and 423?
47
What is the greatest common factor of 155625 and 504375?
1875
Calculate the highest common factor of 609 and 4719547.
203
What is the highest common divisor of 16112 and 13303?
53
Calculate the highest common divisor of 7447 and 144122.
11
What is the greatest common divisor of 75621666 and 6?
6
What is the highest common factor of 252 and 32712561?
63
Calculate the greatest common divisor of 133644 and 7364.
28
Calculate the greatest c